{"id":633,"date":"2023-03-23T08:00:01","date_gmt":"2023-03-23T07:00:01","guid":{"rendered":"http:\/\/www.expo-koengen.de\/?page_id=633"},"modified":"2023-07-06T17:52:58","modified_gmt":"2023-07-06T15:52:58","slug":"impressum","status":"publish","type":"page","link":"http:\/\/www.bds-koengen.de\/index.php\/impressum\/","title":{"rendered":"Impressum"},"content":{"rendered":"\t\t<div data-elementor-type=\"wp-page\" data-elementor-id=\"633\" class=\"elementor elementor-633\">\n\t\t\t\t\t\t\t\t\t<section class=\"elementor-section elementor-top-section elementor-element elementor-element-8ad7af6 elementor-section-boxed elementor-section-height-default elementor-section-height-default parallax_section_no qode_elementor_container_no\" data-id=\"8ad7af6\" data-element_type=\"section\">\n\t\t\t\t\t\t<div class=\"elementor-container elementor-column-gap-default\">\n\t\t\t\t\t<div class=\"elementor-column elementor-col-100 elementor-top-column elementor-element elementor-element-332412f\" data-id=\"332412f\" data-element_type=\"column\">\n\t\t\t<div class=\"elementor-widget-wrap elementor-element-populated\">\n\t\t\t\t\t\t\t\t<div class=\"elementor-element elementor-element-2305566 elementor-widget elementor-widget-text-editor\" data-id=\"2305566\" data-element_type=\"widget\" data-widget_type=\"text-editor.default\">\n\t\t\t\t<div class=\"elementor-widget-container\">\n\t\t\t<style>\/*! elementor - v3.11.5 - 14-03-2023 *\/\n.elementor-widget-text-editor.elementor-drop-cap-view-stacked .elementor-drop-cap{background-color:#818a91;color:#fff}.elementor-widget-text-editor.elementor-drop-cap-view-framed .elementor-drop-cap{color:#818a91;border:3px solid;background-color:transparent}.elementor-widget-text-editor:not(.elementor-drop-cap-view-default) .elementor-drop-cap{margin-top:8px}.elementor-widget-text-editor:not(.elementor-drop-cap-view-default) .elementor-drop-cap-letter{width:1em;height:1em}.elementor-widget-text-editor .elementor-drop-cap{float:left;text-align:center;line-height:1;font-size:50px}.elementor-widget-text-editor .elementor-drop-cap-letter{display:inline-block}<\/style>\t\t\t\t<h2 class=\"Stil4\">IMPRESSUM<\/h2><p class=\"Stil5\">BUND DER SELBST\u00c4NDIGEN &#8211; <br \/>ORTSGRUPPE K\u00d6NGEN<span class=\"Stil2\"> e.V.<\/span><\/p><p><span class=\"Stil61\">GESCH\u00c4FTSSTELLE <br \/><\/span>Meisenweg 6<br \/>73257 K\u00f6ngen <br \/>Fon: 0171 2202271<br \/>email: <a href=\"mailto:info@bds-koengen.de\">info@bds-koengen.de<\/a><\/p><h4 class=\"Stil5\">VORSTAND<\/h4><p class=\"Stil5\"><span class=\"Stil61\"><span class=\"Stil81\">Manfred W. Petz<\/span><\/span><\/p><p class=\"Stil81\"><span class=\"Stil5\">EINTRAGUNG IM AMTSGERICHT STUTTGART REGISTERGERICHT<\/span><br \/>Gesch\u00e4ftsnummer VR 220533<\/p><h6>Link zum BDS Landesverband<\/h6><p class=\"Stil81\"><a href=\"http:\/\/www.bds-bw.de\" target=\"_blank\" rel=\"noopener\"><span class=\"Stil5\">www.bds-bw.de<\/span><\/a><\/p><h6>Link zum BDS Kreisverband Esslingen<\/h6><p class=\"Stil81\"><a href=\"http:\/\/www.bds-kreis-esslingen.de\" target=\"_blank\" rel=\"noopener\"><span class=\"Stil5\">www.bds-kreis-esslingen.de<\/span><\/a><\/p><h6>Konzeption und Realisierung dieser Website:<\/h6><p class=\"Stil81\"><a href=\"https:\/\/www.aha-designs.de\/\" target=\"_blank\" rel=\"noopener\"><span class=\"Stil5\">www.aha-designs.de<br \/><\/span><\/a><a href=\"mailto:info@aha-designs.de\">email: info@aha-designs.de<\/a><\/p><h6><span class=\"Stil5\">RECHTLICHE HINWEISE<\/span><\/h6><p class=\"Stil81\"><span class=\"Stil91\">Die auf dieser Website bereitgestellten Informationen werden durch uns sorgf\u00e4ltig gepr\u00fcft und regelm\u00e4\u00dfig aktualisiert. Dennoch k\u00f6nnen wir keine Haftung oder Gew\u00e4hrleistung f\u00fcr die Aktualit\u00e4t, Richtigkeit und Vollst\u00e4ndigkeit der zur Verf\u00fcgung gestellten Informationen \u00fcbernehmen.<br \/>Gleiches gilt auch f\u00fcr den Inhalt der Websites auf die mittels externen Hyperlinks verwiesen wird. Der Bund der Selbst\u00e4ndigen K\u00f6ngen e.V. ist f\u00fcr den Inhalt der Websites, die aufgrund einer solchen Verbindung erreicht werden, nicht verantwortlich. Sollten Sie Kenntnis von offensichtlich oder m\u00f6glicherweise rechtswidrigen Inhalten auf von uns verlinkten Websites anderer Anbieter erhalten, bitten wir um einen Hinweis, damit wir unseren externen Hyperlink auf das entsprechende Angebot aufheben k\u00f6nnen. <br \/>S\u00e4mtliche Inhalte der Website (Fotos, Texte, Grafiken, Datensammlungn etc.) sind urheberrechtlich gesch\u00fctzt. Die Verwendung wie Vervielf\u00e4ltigung, \u00c4nderung der Inhalte &#8211; auch in Teilen &#8211; zu privaten oder gewerblichen Zwecken bedarf au\u00dferhalb der Grenzen des Urheberrechtsgesetzes der vorherigen schriftlichen Zustimmung des Verbandes. Jede hiergegen versto\u00dfende Verwertung ist urheberrechtswidrig und strafbar.<\/span><\/p><p class=\"Stil81\"><span class=\"Stil91\">\u00a0<\/span><\/p><p class=\"Stil81\"><span class=\"Stil5\">DATENSCHUTZ<\/span><br \/><span class=\"Stil91\">Solten Sie bei uns Informationsmaterialien bestellen oder sich zu Veranstaltungen anmelden, ben\u00f6tigen wir von Ihnen bestimmte Angaben wie Name, Vorname, Firma, Stra\u00dfe, Postleitzahl, Ort, Telefon, Telefax, email. Die Verarbeitung dieser Daten ist f\u00fcr die Abwicklung Ihrer Bestellung bzw. Anmeldung erforderlich. Die Daten werden lediglich f\u00fcr diesen Zweck verwendet und f\u00fcr die Dauer der Bearbeitung in elektronischer Frorm gespeichert. Eine Weitergabe an Dritte erfolgt nicht.<br \/>Mit der Bestellung willigen Sie in die genannte Verarbeitung Ihrer Daten ein. Sie k\u00f6nnen diese Einwilligung jederzeit\u00a0 schriftlich oder per email gegen\u00fcber dem Verband mit Wirkung f\u00fcr die Zukunft widerrufen.<br \/>Auf dieser Website befinden sich externe Hyperlinks zu anderen Websites. Der BDS K\u00f6ngen \u00fcbernimmt keine Haftung f\u00fcr eventuelle Datenschutzverletzungen, die sich beim Besuch dieser Website-Angebote ergeben.<\/span><\/p>\t\t\t\t\t\t<\/div>\n\t\t\t\t<\/div>\n\t\t\t\t\t<\/div>\n\t\t<\/div>\n\t\t\t\t\t\t\t<\/div>\n\t\t<\/section>\n\t\t\t\t\t\t\t<\/div>\n\t\t","protected":false},"excerpt":{"rendered":"<p>IMPRESSUM BUND DER SELBST\u00c4NDIGEN &#8211; ORTSGRUPPE K\u00d6NGEN e.V. GESCH\u00c4FTSSTELLE Meisenweg 673257 K\u00f6ngen Fon: 0171 2202271email: info@bds-koengen.de VORSTAND Manfred W. Petz EINTRAGUNG IM AMTSGERICHT STUTTGART REGISTERGERICHTGesch\u00e4ftsnummer VR 220533 Link zum BDS Landesverband www.bds-bw.de Link zum BDS Kreisverband Esslingen www.bds-kreis-esslingen.de Konzeption und Realisierung dieser Website: www.aha-designs.deemail: info@aha-designs.de&#8230;<\/p>\n","protected":false},"author":1,"featured_media":0,"parent":0,"menu_order":0,"comment_status":"closed","ping_status":"closed","template":"","meta":{"footnotes":""},"class_list":["post-633","page","type-page","status-publish","hentry"],"_links":{"self":[{"href":"http:\/\/www.bds-koengen.de\/index.php\/wp-json\/wp\/v2\/pages\/633","targetHints":{"allow":["GET"]}}],"collection":[{"href":"http:\/\/www.bds-koengen.de\/index.php\/wp-json\/wp\/v2\/pages"}],"about":[{"href":"http:\/\/www.bds-koengen.de\/index.php\/wp-json\/wp\/v2\/types\/page"}],"author":[{"embeddable":true,"href":"http:\/\/www.bds-koengen.de\/index.php\/wp-json\/wp\/v2\/users\/1"}],"replies":[{"embeddable":true,"href":"http:\/\/www.bds-koengen.de\/index.php\/wp-json\/wp\/v2\/comments?post=633"}],"version-history":[{"count":7,"href":"http:\/\/www.bds-koengen.de\/index.php\/wp-json\/wp\/v2\/pages\/633\/revisions"}],"predecessor-version":[{"id":1787,"href":"http:\/\/www.bds-koengen.de\/index.php\/wp-json\/wp\/v2\/pages\/633\/revisions\/1787"}],"wp:attachment":[{"href":"http:\/\/www.bds-koengen.de\/index.php\/wp-json\/wp\/v2\/media?parent=633"}],"curies":[{"name":"wp","href":"https:\/\/api.w.org\/{rel}","templated":true}]}}